{"id":3174,"date":"2025-07-17T03:45:13","date_gmt":"2025-07-17T08:45:13","guid":{"rendered":"https:\/\/caballitodemar.com.co\/blog\/?page_id=3174"},"modified":"2025-08-28T16:22:07","modified_gmt":"2025-08-28T21:22:07","slug":"contactanos","status":"publish","type":"page","link":"https:\/\/caballitodemar.com.co\/blog\/contactanos\/","title":{"rendered":"Cont\u00e1ctanos"},"content":{"rendered":"\t\t<div data-elementor-type=\"wp-page\" data-elementor-id=\"3174\" class=\"elementor elementor-3174\">\n\t\t\t\t\t\t<section class=\"elementor-section elementor-top-section elementor-element elementor-element-e427cf5 elementor-section-boxed elementor-section-height-default elementor-section-height-default\" data-id=\"e427cf5\" data-element_type=\"section\">\n\t\t\t\t\t\t<div class=\"elementor-container elementor-column-gap-default\">\n\t\t\t\t\t<div class=\"elementor-column elementor-col-100 elementor-top-column elementor-element elementor-element-f365b32\" data-id=\"f365b32\" data-element_type=\"column\">\n\t\t\t<div class=\"elementor-widget-wrap elementor-element-populated\">\n\t\t\t\t\t\t<div class=\"elementor-element elementor-element-41bb845 titulo-suscribete elementor-widget elementor-widget-heading\" data-id=\"41bb845\" data-element_type=\"widget\" data-widget_type=\"heading.default\">\n\t\t\t\t<div class=\"elementor-widget-container\">\n\t\t\t\t\t<h2 id=\"contactanos\" class=\"elementor-heading-title elementor-size-default\">CONT\u00c1CTANOS<\/h2>\t\t\t\t<\/div>\n\t\t\t\t<\/div>\n\t\t\t\t\t<\/div>\n\t\t<\/div>\n\t\t\t\t\t<\/div>\n\t\t<\/section>\n\t\t\t\t<section class=\"elementor-section elementor-top-section elementor-element elementor-element-37ea684 elementor-section-boxed elementor-section-height-default elementor-section-height-default\" data-id=\"37ea684\" data-element_type=\"section\">\n\t\t\t\t\t\t<div class=\"elementor-container elementor-column-gap-default\">\n\t\t\t\t\t<div class=\"elementor-column elementor-col-100 elementor-top-column elementor-element elementor-element-6f0ce8c\" data-id=\"6f0ce8c\" data-element_type=\"column\">\n\t\t\t<div class=\"elementor-widget-wrap elementor-element-populated\">\n\t\t\t\t\t\t<div class=\"elementor-element elementor-element-5ea5066 elementor-widget__width-inherit elementor-widget elementor-widget-hubspot-form\" data-id=\"5ea5066\" data-element_type=\"widget\" data-widget_type=\"hubspot-form.default\">\n\t\t\t\t<div class=\"elementor-widget-container\">\n\t\t\t\t\t\n\t\t\t\t\t\t<script>\n\t\t\t\t\t\t\twindow.hsFormsOnReady = window.hsFormsOnReady || [];\n\t\t\t\t\t\t\twindow.hsFormsOnReady.push(()=>{\n\t\t\t\t\t\t\t\thbspt.forms.create({\n\t\t\t\t\t\t\t\t\tportalId: 45189920,\n\t\t\t\t\t\t\t\t\tformId: \"c5ce72be-f351-46b3-b349-08590c2e4624\",\n\t\t\t\t\t\t\t\t\ttarget: \"#hbspt-form-1777044628000-3197280756\",\n\t\t\t\t\t\t\t\t\tregion: \"na1\",\n\t\t\t\t\t\t\t\t\t\n\t\t\t\t\t\t\t})});\n\t\t\t\t\t\t<\/script>\n\t\t\t\t\t\t<div class=\"hbspt-form\" id=\"hbspt-form-1777044628000-3197280756\"><\/div>\t\t\t\t<\/div>\n\t\t\t\t<\/div>\n\t\t\t\t\t<\/div>\n\t\t<\/div>\n\t\t\t\t\t<\/div>\n\t\t<\/section>\n\t\t\t\t<\/div>\n\t\t","protected":false},"excerpt":{"rendered":"CONT\u00c1CTANOS\n","protected":false},"author":1,"featured_media":3253,"parent":0,"menu_order":0,"comment_status":"closed","ping_status":"closed","template":"","meta":{"content-type":"","_joinchat":[],"footnotes":""},"class_list":["post-3174","page","type-page","status-publish","has-post-thumbnail"],"yoast_head":"<!-- This site is optimized with the Yoast SEO plugin v25.5 - https:\/\/yoast.com\/wordpress\/plugins\/seo\/ -->\n<title>Cont\u00e1ctanos - Blog Caballito de Mar<\/title>\n<meta name=\"robots\" content=\"index, follow, max-snippet:-1, max-image-preview:large, max-video-preview:-1\" \/>\n<link rel=\"canonical\" href=\"https:\/\/caballitodemar.com.co\/blog\/contactanos\/\" \/>\n<meta property=\"og:locale\" content=\"es_ES\" \/>\n<meta property=\"og:type\" content=\"article\" \/>\n<meta property=\"og:title\" content=\"Cont\u00e1ctanos - Blog Caballito de Mar\" \/>\n<meta property=\"og:description\" content=\"CONT\u00c1CTANOS\" \/>\n<meta property=\"og:url\" content=\"https:\/\/caballitodemar.com.co\/blog\/contactanos\/\" \/>\n<meta property=\"og:site_name\" content=\"Blog Caballito de Mar\" \/>\n<meta property=\"article:modified_time\" content=\"2025-08-28T21:22:07+00:00\" \/>\n<meta property=\"og:image\" content=\"https:\/\/caballitodemar.com.co\/blog\/wp-content\/uploads\/2025\/08\/BANNER-CONTACTANOS.jpg\" \/>\n\t<meta property=\"og:image:width\" content=\"1920\" \/>\n\t<meta property=\"og:image:height\" content=\"1024\" \/>\n\t<meta property=\"og:image:type\" content=\"image\/jpeg\" \/>\n<meta name=\"twitter:card\" content=\"summary_large_image\" \/>\n<meta name=\"twitter:label1\" content=\"Tiempo de lectura\" \/>\n\t<meta name=\"twitter:data1\" content=\"1 minuto\" \/>\n<script type=\"application\/ld+json\" class=\"yoast-schema-graph\">{\"@context\":\"https:\/\/schema.org\",\"@graph\":[{\"@type\":\"WebPage\",\"@id\":\"https:\/\/caballitodemar.com.co\/blog\/contactanos\/\",\"url\":\"https:\/\/caballitodemar.com.co\/blog\/contactanos\/\",\"name\":\"Cont\u00e1ctanos - Blog Caballito de Mar\",\"isPartOf\":{\"@id\":\"https:\/\/caballitodemar.com.co\/blog\/#website\"},\"primaryImageOfPage\":{\"@id\":\"https:\/\/caballitodemar.com.co\/blog\/contactanos\/#primaryimage\"},\"image\":{\"@id\":\"https:\/\/caballitodemar.com.co\/blog\/contactanos\/#primaryimage\"},\"thumbnailUrl\":\"https:\/\/caballitodemar.com.co\/blog\/wp-content\/uploads\/2025\/08\/BANNER-CONTACTANOS.jpg\",\"datePublished\":\"2025-07-17T08:45:13+00:00\",\"dateModified\":\"2025-08-28T21:22:07+00:00\",\"breadcrumb\":{\"@id\":\"https:\/\/caballitodemar.com.co\/blog\/contactanos\/#breadcrumb\"},\"inLanguage\":\"es\",\"potentialAction\":[{\"@type\":\"ReadAction\",\"target\":[\"https:\/\/caballitodemar.com.co\/blog\/contactanos\/\"]}]},{\"@type\":\"ImageObject\",\"inLanguage\":\"es\",\"@id\":\"https:\/\/caballitodemar.com.co\/blog\/contactanos\/#primaryimage\",\"url\":\"https:\/\/caballitodemar.com.co\/blog\/wp-content\/uploads\/2025\/08\/BANNER-CONTACTANOS.jpg\",\"contentUrl\":\"https:\/\/caballitodemar.com.co\/blog\/wp-content\/uploads\/2025\/08\/BANNER-CONTACTANOS.jpg\",\"width\":1920,\"height\":1024,\"caption\":\"Contacto\"},{\"@type\":\"BreadcrumbList\",\"@id\":\"https:\/\/caballitodemar.com.co\/blog\/contactanos\/#breadcrumb\",\"itemListElement\":[{\"@type\":\"ListItem\",\"position\":1,\"name\":\"Portada\",\"item\":\"https:\/\/caballitodemar.com.co\/blog\/\"},{\"@type\":\"ListItem\",\"position\":2,\"name\":\"Cont\u00e1ctanos\"}]},{\"@type\":\"WebSite\",\"@id\":\"https:\/\/caballitodemar.com.co\/blog\/#website\",\"url\":\"https:\/\/caballitodemar.com.co\/blog\/\",\"name\":\"Blog Caballito de Mar\",\"description\":\"Una iniciativa que propone herramientas para la disminuci\u00f3n de la violencia estructural y machista a trav\u00e9s de la pedagog\u00eda\",\"potentialAction\":[{\"@type\":\"SearchAction\",\"target\":{\"@type\":\"EntryPoint\",\"urlTemplate\":\"https:\/\/caballitodemar.com.co\/blog\/?s={search_term_string}\"},\"query-input\":{\"@type\":\"PropertyValueSpecification\",\"valueRequired\":true,\"valueName\":\"search_term_string\"}}],\"inLanguage\":\"es\"}]}<\/script>\n<!-- \/ Yoast SEO plugin. -->","yoast_head_json":{"title":"Cont\u00e1ctanos - Blog Caballito de Mar","robots":{"index":"index","follow":"follow","max-snippet":"max-snippet:-1","max-image-preview":"max-image-preview:large","max-video-preview":"max-video-preview:-1"},"canonical":"https:\/\/caballitodemar.com.co\/blog\/contactanos\/","og_locale":"es_ES","og_type":"article","og_title":"Cont\u00e1ctanos - Blog Caballito de Mar","og_description":"CONT\u00c1CTANOS","og_url":"https:\/\/caballitodemar.com.co\/blog\/contactanos\/","og_site_name":"Blog Caballito de Mar","article_modified_time":"2025-08-28T21:22:07+00:00","og_image":[{"width":1920,"height":1024,"url":"https:\/\/caballitodemar.com.co\/blog\/wp-content\/uploads\/2025\/08\/BANNER-CONTACTANOS.jpg","type":"image\/jpeg"}],"twitter_card":"summary_large_image","twitter_misc":{"Tiempo de lectura":"1 minuto"},"schema":{"@context":"https:\/\/schema.org","@graph":[{"@type":"WebPage","@id":"https:\/\/caballitodemar.com.co\/blog\/contactanos\/","url":"https:\/\/caballitodemar.com.co\/blog\/contactanos\/","name":"Cont\u00e1ctanos - Blog Caballito de Mar","isPartOf":{"@id":"https:\/\/caballitodemar.com.co\/blog\/#website"},"primaryImageOfPage":{"@id":"https:\/\/caballitodemar.com.co\/blog\/contactanos\/#primaryimage"},"image":{"@id":"https:\/\/caballitodemar.com.co\/blog\/contactanos\/#primaryimage"},"thumbnailUrl":"https:\/\/caballitodemar.com.co\/blog\/wp-content\/uploads\/2025\/08\/BANNER-CONTACTANOS.jpg","datePublished":"2025-07-17T08:45:13+00:00","dateModified":"2025-08-28T21:22:07+00:00","breadcrumb":{"@id":"https:\/\/caballitodemar.com.co\/blog\/contactanos\/#breadcrumb"},"inLanguage":"es","potentialAction":[{"@type":"ReadAction","target":["https:\/\/caballitodemar.com.co\/blog\/contactanos\/"]}]},{"@type":"ImageObject","inLanguage":"es","@id":"https:\/\/caballitodemar.com.co\/blog\/contactanos\/#primaryimage","url":"https:\/\/caballitodemar.com.co\/blog\/wp-content\/uploads\/2025\/08\/BANNER-CONTACTANOS.jpg","contentUrl":"https:\/\/caballitodemar.com.co\/blog\/wp-content\/uploads\/2025\/08\/BANNER-CONTACTANOS.jpg","width":1920,"height":1024,"caption":"Contacto"},{"@type":"BreadcrumbList","@id":"https:\/\/caballitodemar.com.co\/blog\/contactanos\/#breadcrumb","itemListElement":[{"@type":"ListItem","position":1,"name":"Portada","item":"https:\/\/caballitodemar.com.co\/blog\/"},{"@type":"ListItem","position":2,"name":"Cont\u00e1ctanos"}]},{"@type":"WebSite","@id":"https:\/\/caballitodemar.com.co\/blog\/#website","url":"https:\/\/caballitodemar.com.co\/blog\/","name":"Blog Caballito de Mar","description":"Una iniciativa que propone herramientas para la disminuci\u00f3n de la violencia estructural y machista a trav\u00e9s de la pedagog\u00eda","potentialAction":[{"@type":"SearchAction","target":{"@type":"EntryPoint","urlTemplate":"https:\/\/caballitodemar.com.co\/blog\/?s={search_term_string}"},"query-input":{"@type":"PropertyValueSpecification","valueRequired":true,"valueName":"search_term_string"}}],"inLanguage":"es"}]}},"_links":{"self":[{"href":"https:\/\/caballitodemar.com.co\/blog\/wp-json\/wp\/v2\/pages\/3174","targetHints":{"allow":["GET"]}}],"collection":[{"href":"https:\/\/caballitodemar.com.co\/blog\/wp-json\/wp\/v2\/pages"}],"about":[{"href":"https:\/\/caballitodemar.com.co\/blog\/wp-json\/wp\/v2\/types\/page"}],"author":[{"embeddable":true,"href":"https:\/\/caballitodemar.com.co\/blog\/wp-json\/wp\/v2\/users\/1"}],"replies":[{"embeddable":true,"href":"https:\/\/caballitodemar.com.co\/blog\/wp-json\/wp\/v2\/comments?post=3174"}],"version-history":[{"count":24,"href":"https:\/\/caballitodemar.com.co\/blog\/wp-json\/wp\/v2\/pages\/3174\/revisions"}],"predecessor-version":[{"id":3257,"href":"https:\/\/caballitodemar.com.co\/blog\/wp-json\/wp\/v2\/pages\/3174\/revisions\/3257"}],"wp:featuredmedia":[{"embeddable":true,"href":"https:\/\/caballitodemar.com.co\/blog\/wp-json\/wp\/v2\/media\/3253"}],"wp:attachment":[{"href":"https:\/\/caballitodemar.com.co\/blog\/wp-json\/wp\/v2\/media?parent=3174"}],"curies":[{"name":"wp","href":"https:\/\/api.w.org\/{rel}","templated":true}]}}